{"id":9543,"date":"2023-06-05T09:02:14","date_gmt":"2023-06-05T09:02:14","guid":{"rendered":"https:\/\/test.vh10693.vh.net.pl\/azs_zakopane\/?page_id=9543"},"modified":"2023-06-05T09:09:22","modified_gmt":"2023-06-05T09:09:22","slug":"2023-2","status":"publish","type":"page","link":"https:\/\/test.vh10693.vh.net.pl\/azs_zakopane\/acss\/2023\/","title":{"rendered":"2023"},"content":{"rendered":"\t\t<div data-elementor-type=\"wp-page\" data-elementor-id=\"9543\" class=\"elementor elementor-9543\">\n\t\t\t\t\t\t<section class=\"elementor-section elementor-top-section elementor-element elementor-element-3a595de elementor-section-height-min-height elementor-section-boxed elementor-section-height-default elementor-section-items-middle\" data-id=\"3a595de\" data-element_type=\"section\" data-e-type=\"section\" data-settings=\"{&quot;background_background&quot;:&quot;gradient&quot;}\">\n\t\t\t\t\t\t<div class=\"elementor-container elementor-column-gap-default\">\n\t\t\t\t\t<div class=\"elementor-column elementor-col-100 elementor-top-column elementor-element elementor-element-e929cf0\" data-id=\"e929cf0\" data-element_type=\"column\" data-e-type=\"column\">\n\t\t\t<div class=\"elementor-widget-wrap elementor-element-populated\">\n\t\t\t\t\t\t<div class=\"elementor-element elementor-element-3479629 elementor-widget elementor-widget-shortcode\" data-id=\"3479629\" data-element_type=\"widget\" data-e-type=\"widget\" data-widget_type=\"shortcode.default\">\n\t\t\t\t<div class=\"elementor-widget-container\">\n\t\t\t\t\t\t\t<div class=\"elementor-shortcode\">\n<table id=\"tablepress-2\" class=\"tablepress tablepress-id-2\">\n<tbody class=\"row-striping row-hover\">\n<tr class=\"row-1\">\n\t<td class=\"column-1\">ZA.\u0141S.1.<\/td><td class=\"column-2\">2023.01.17<\/td><td class=\"column-3\">2023.01.27<\/td><td class=\"column-4\">1<\/td><td class=\"column-5\">2<\/td><td class=\"column-6\">0<\/td><td class=\"column-7\">Tomasz\u00f3w Mazowiecki <\/td><td class=\"column-8\">2600,00<\/td><td class=\"column-9\">Dawid Burzykowski,  Patryk W\u00f3jcik<\/td>\n<\/tr>\n<tr class=\"row-2\">\n\t<td class=\"column-1\">ZA.NA.1.<\/td><td class=\"column-2\">2023.03.27<\/td><td class=\"column-3\">2023.04.05<\/td><td class=\"column-4\">4<\/td><td class=\"column-5\">1<\/td><td class=\"column-6\">0<\/td><td class=\"column-7\">Strbske Pleso\/ S\u0142owacja<\/td><td class=\"column-8\">726,02<\/td><td class=\"column-9\">Szymon B\u0119benek<\/td>\n<\/tr>\n<tr class=\"row-3\">\n\t<td class=\"column-1\">ZA.\u0141S.2.<\/td><td class=\"column-2\">2023.06.06<\/td><td class=\"column-3\">2023.06.13<\/td><td class=\"column-4\">1<\/td><td class=\"column-5\">2<\/td><td class=\"column-6\">0<\/td><td class=\"column-7\">Gda\u0144sk<\/td><td class=\"column-8\">2606,83<\/td><td class=\"column-9\">Liwia Kubin, Maksymilian Rzepka<\/td>\n<\/tr>\n<tr class=\"row-4\">\n\t<td class=\"column-1\">ZA.NA.1<\/td><td class=\"column-2\">2023.07.15<\/td><td class=\"column-3\">2023.07.22<\/td><td class=\"column-4\">2<\/td><td class=\"column-5\">1<\/td><td class=\"column-6\">0<\/td><td class=\"column-7\">Druskienniki\/Litwa<\/td><td class=\"column-8\">3000,00<\/td><td class=\"column-9\">Szymon B\u0119benek<\/td>\n<\/tr>\n<tr class=\"row-5\">\n\t<td class=\"column-1\">ZA.NKs.1.<\/td><td class=\"column-2\">2023.07.17<\/td><td class=\"column-3\">2023.07.22<\/td><td class=\"column-4\">1<\/td><td class=\"column-5\">1<\/td><td class=\"column-6\">0<\/td><td class=\"column-7\">Szczyrk<\/td><td class=\"column-8\">650,00<\/td><td class=\"column-9\">Krzysztof Leja<\/td>\n<\/tr>\n<tr class=\"row-6\">\n\t<td class=\"column-1\">ZA.NA.2.<\/td><td class=\"column-2\">2023.08.06<\/td><td class=\"column-3\">2023.08.11<\/td><td class=\"column-4\">2<\/td><td class=\"column-5\">1<\/td><td class=\"column-6\">0<\/td><td class=\"column-7\">Wittenburg\/ Niemcy<\/td><td class=\"column-8\">4000,00<\/td><td class=\"column-9\">Daria Krajewska<\/td>\n<\/tr>\n<tr class=\"row-7\">\n\t<td class=\"column-1\">ZA.\u0141S.3.<\/td><td class=\"column-2\">2023.08.06<\/td><td class=\"column-3\">2023.08.19<\/td><td class=\"column-4\">1<\/td><td class=\"column-5\">1<\/td><td class=\"column-6\">0<\/td><td class=\"column-7\">Gizycko<\/td><td class=\"column-8\">2470,00<\/td><td class=\"column-9\">Dawid Burzykowski<\/td>\n<\/tr>\n<tr class=\"row-8\">\n\t<td class=\"column-1\">ZA.NKs.2.<\/td><td class=\"column-2\">07.08.2023<\/td><td class=\"column-3\">12.08.2023<\/td><td class=\"column-4\">1<\/td><td class=\"column-5\">1<\/td><td class=\"column-6\">0<\/td><td class=\"column-7\">Szczyrk<\/td><td class=\"column-8\">650<\/td><td class=\"column-9\">Krzysztof Leja<\/td>\n<\/tr>\n<tr class=\"row-9\">\n\t<td class=\"column-1\">ZA.NKs.3.<\/td><td class=\"column-2\">21.08.2023<\/td><td class=\"column-3\">27.08.2023<\/td><td class=\"column-4\">1<\/td><td class=\"column-5\">1<\/td><td class=\"column-6\">0<\/td><td class=\"column-7\">Szczyrk<\/td><td class=\"column-8\">780<\/td><td class=\"column-9\">Krzysztof Leja<\/td>\n<\/tr>\n<tr class=\"row-10\">\n\t<td class=\"column-1\">ZA.NKs.4.<\/td><td class=\"column-2\">18.09.2023<\/td><td class=\"column-3\">24.09.2023<\/td><td class=\"column-4\">1<\/td><td class=\"column-5\">1<\/td><td class=\"column-6\">0<\/td><td class=\"column-7\">Szczyrk<\/td><td class=\"column-8\">780<\/td><td class=\"column-9\">Mateusz Gruszka<\/td>\n<\/tr>\n<tr class=\"row-11\">\n\t<td class=\"column-1\">ZA.NKs.5.<\/td><td class=\"column-2\">16.10.2023<\/td><td class=\"column-3\">22.10.2023<\/td><td class=\"column-4\">1<\/td><td class=\"column-5\">1<\/td><td class=\"column-6\">0<\/td><td class=\"column-7\">Szczyrk<\/td><td class=\"column-8\">780<\/td><td class=\"column-9\">Mateusz Gruszka<\/td>\n<\/tr>\n<tr class=\"row-12\">\n\t<td class=\"column-1\">ZA.\u0141S.4.<\/td><td class=\"column-2\">06.12.2023<\/td><td class=\"column-3\">21.12,2023<\/td><td class=\"column-4\">1<\/td><td class=\"column-5\">2<\/td><td class=\"column-6\">0<\/td><td class=\"column-7\">Tomasz\u00f3w Mazowiecki<\/td><td class=\"column-8\">3900,00<\/td><td class=\"column-9\">Dawid Burzykowski, Patryk W\u00f3jcik<\/td>\n<\/tr>\n<tr class=\"row-13\">\n\t<td class=\"column-1\">ZA.SN.1<\/td><td class=\"column-2\">05.12.2023<\/td><td class=\"column-3\">31.12.2023<\/td><td class=\"column-4\">1<\/td><td class=\"column-5\">10<\/td><td class=\"column-6\">2<\/td><td class=\"column-7\">Zakopane ( i okolice)<\/td><td class=\"column-8\">9000,00<\/td><td class=\"column-9\">Gradzik Ma\u0142gorzata, Piwowarczyk Natasza, Kula Maria, P\u00f3\u0142torak Karolina, Stok\u0142osa Natalia, Majerczyk Patryk, Michura Klaudia, Lubo\u0144ski Jakub, Biela Nowaczyk Weronika, Kaciczak Olga<\/td>\n<\/tr>\n<\/tbody>\n<\/table>\n<!-- #tablepress-2 from cache --><\/div>\n\t\t\t\t\t\t<\/div>\n\t\t\t\t<\/div>\n\t\t\t\t\t<\/div>\n\t\t<\/div>\n\t\t\t\t\t<\/div>\n\t\t<\/section>\n\t\t\t\t<\/div>\n\t\t","protected":false},"excerpt":{"rendered":"","protected":false},"author":1,"featured_media":0,"parent":958,"menu_order":0,"comment_status":"closed","ping_status":"closed","template":"elementor_header_footer","meta":{"footnotes":""},"class_list":["post-9543","page","type-page","status-publish","hentry"],"yoast_head":"<!-- This site is optimized with the Yoast SEO Premium plugin v20.8 (Yoast SEO v27.6) - https:\/\/yoast.com\/product\/yoast-seo-premium-wordpress\/ -->\n<title>2023 - AZS Zakopane<\/title>\n<meta name=\"robots\" content=\"index, follow, max-snippet:-1, max-image-preview:large, max-video-preview:-1\" \/>\n<link rel=\"canonical\" href=\"https:\/\/test.vh10693.vh.net.pl\/azs_zakopane\/acss\/2023\/\" \/>\n<meta property=\"og:locale\" content=\"pl_PL\" \/>\n<meta property=\"og:type\" content=\"article\" \/>\n<meta property=\"og:title\" content=\"2023\" \/>\n<meta property=\"og:url\" content=\"https:\/\/test.vh10693.vh.net.pl\/azs_zakopane\/acss\/2023\/\" \/>\n<meta property=\"og:site_name\" content=\"AZS Zakopane\" \/>\n<meta property=\"article:modified_time\" content=\"2023-06-05T09:09:22+00:00\" \/>\n<meta name=\"twitter:card\" content=\"summary_large_image\" \/>\n<meta name=\"twitter:label1\" content=\"Szacowany czas czytania\" \/>\n\t<meta name=\"twitter:data1\" content=\"1 minuta\" \/>\n<script type=\"application\/ld+json\" class=\"yoast-schema-graph\">{\"@context\":\"https:\\\/\\\/schema.org\",\"@graph\":[{\"@type\":\"WebPage\",\"@id\":\"https:\\\/\\\/test.vh10693.vh.net.pl\\\/azs_zakopane\\\/acss\\\/2023\\\/\",\"url\":\"https:\\\/\\\/test.vh10693.vh.net.pl\\\/azs_zakopane\\\/acss\\\/2023\\\/\",\"name\":\"2023 - AZS Zakopane\",\"isPartOf\":{\"@id\":\"https:\\\/\\\/test.vh10693.vh.net.pl\\\/azs_zakopane\\\/#website\"},\"datePublished\":\"2023-06-05T09:02:14+00:00\",\"dateModified\":\"2023-06-05T09:09:22+00:00\",\"breadcrumb\":{\"@id\":\"https:\\\/\\\/test.vh10693.vh.net.pl\\\/azs_zakopane\\\/acss\\\/2023\\\/#breadcrumb\"},\"inLanguage\":\"pl-PL\",\"potentialAction\":[{\"@type\":\"ReadAction\",\"target\":[\"https:\\\/\\\/test.vh10693.vh.net.pl\\\/azs_zakopane\\\/acss\\\/2023\\\/\"]}]},{\"@type\":\"BreadcrumbList\",\"@id\":\"https:\\\/\\\/test.vh10693.vh.net.pl\\\/azs_zakopane\\\/acss\\\/2023\\\/#breadcrumb\",\"itemListElement\":[{\"@type\":\"ListItem\",\"position\":1,\"name\":\"Home\",\"item\":\"https:\\\/\\\/test.vh10693.vh.net.pl\\\/azs_zakopane\\\/sales-landing-4-4\\\/\"},{\"@type\":\"ListItem\",\"position\":2,\"name\":\"ACSS\",\"item\":\"https:\\\/\\\/test.vh10693.vh.net.pl\\\/azs_zakopane\\\/acss\\\/\"},{\"@type\":\"ListItem\",\"position\":3,\"name\":\"2023\"}]},{\"@type\":\"WebSite\",\"@id\":\"https:\\\/\\\/test.vh10693.vh.net.pl\\\/azs_zakopane\\\/#website\",\"url\":\"https:\\\/\\\/test.vh10693.vh.net.pl\\\/azs_zakopane\\\/\",\"name\":\"AZS Zakopane\",\"description\":\"AZS Zakopane\",\"potentialAction\":[{\"@type\":\"SearchAction\",\"target\":{\"@type\":\"EntryPoint\",\"urlTemplate\":\"https:\\\/\\\/test.vh10693.vh.net.pl\\\/azs_zakopane\\\/?s={search_term_string}\"},\"query-input\":{\"@type\":\"PropertyValueSpecification\",\"valueRequired\":true,\"valueName\":\"search_term_string\"}}],\"inLanguage\":\"pl-PL\"}]}<\/script>\n<!-- \/ Yoast SEO Premium plugin. -->","yoast_head_json":{"title":"2023 - AZS Zakopane","robots":{"index":"index","follow":"follow","max-snippet":"max-snippet:-1","max-image-preview":"max-image-preview:large","max-video-preview":"max-video-preview:-1"},"canonical":"https:\/\/test.vh10693.vh.net.pl\/azs_zakopane\/acss\/2023\/","og_locale":"pl_PL","og_type":"article","og_title":"2023","og_url":"https:\/\/test.vh10693.vh.net.pl\/azs_zakopane\/acss\/2023\/","og_site_name":"AZS Zakopane","article_modified_time":"2023-06-05T09:09:22+00:00","twitter_card":"summary_large_image","twitter_misc":{"Szacowany czas czytania":"1 minuta"},"schema":{"@context":"https:\/\/schema.org","@graph":[{"@type":"WebPage","@id":"https:\/\/test.vh10693.vh.net.pl\/azs_zakopane\/acss\/2023\/","url":"https:\/\/test.vh10693.vh.net.pl\/azs_zakopane\/acss\/2023\/","name":"2023 - AZS Zakopane","isPartOf":{"@id":"https:\/\/test.vh10693.vh.net.pl\/azs_zakopane\/#website"},"datePublished":"2023-06-05T09:02:14+00:00","dateModified":"2023-06-05T09:09:22+00:00","breadcrumb":{"@id":"https:\/\/test.vh10693.vh.net.pl\/azs_zakopane\/acss\/2023\/#breadcrumb"},"inLanguage":"pl-PL","potentialAction":[{"@type":"ReadAction","target":["https:\/\/test.vh10693.vh.net.pl\/azs_zakopane\/acss\/2023\/"]}]},{"@type":"BreadcrumbList","@id":"https:\/\/test.vh10693.vh.net.pl\/azs_zakopane\/acss\/2023\/#breadcrumb","itemListElement":[{"@type":"ListItem","position":1,"name":"Home","item":"https:\/\/test.vh10693.vh.net.pl\/azs_zakopane\/sales-landing-4-4\/"},{"@type":"ListItem","position":2,"name":"ACSS","item":"https:\/\/test.vh10693.vh.net.pl\/azs_zakopane\/acss\/"},{"@type":"ListItem","position":3,"name":"2023"}]},{"@type":"WebSite","@id":"https:\/\/test.vh10693.vh.net.pl\/azs_zakopane\/#website","url":"https:\/\/test.vh10693.vh.net.pl\/azs_zakopane\/","name":"AZS Zakopane","description":"AZS Zakopane","potentialAction":[{"@type":"SearchAction","target":{"@type":"EntryPoint","urlTemplate":"https:\/\/test.vh10693.vh.net.pl\/azs_zakopane\/?s={search_term_string}"},"query-input":{"@type":"PropertyValueSpecification","valueRequired":true,"valueName":"search_term_string"}}],"inLanguage":"pl-PL"}]}},"_links":{"self":[{"href":"https:\/\/test.vh10693.vh.net.pl\/azs_zakopane\/wp-json\/wp\/v2\/pages\/9543","targetHints":{"allow":["GET"]}}],"collection":[{"href":"https:\/\/test.vh10693.vh.net.pl\/azs_zakopane\/wp-json\/wp\/v2\/pages"}],"about":[{"href":"https:\/\/test.vh10693.vh.net.pl\/azs_zakopane\/wp-json\/wp\/v2\/types\/page"}],"author":[{"embeddable":true,"href":"https:\/\/test.vh10693.vh.net.pl\/azs_zakopane\/wp-json\/wp\/v2\/users\/1"}],"replies":[{"embeddable":true,"href":"https:\/\/test.vh10693.vh.net.pl\/azs_zakopane\/wp-json\/wp\/v2\/comments?post=9543"}],"version-history":[{"count":0,"href":"https:\/\/test.vh10693.vh.net.pl\/azs_zakopane\/wp-json\/wp\/v2\/pages\/9543\/revisions"}],"up":[{"embeddable":true,"href":"https:\/\/test.vh10693.vh.net.pl\/azs_zakopane\/wp-json\/wp\/v2\/pages\/958"}],"wp:attachment":[{"href":"https:\/\/test.vh10693.vh.net.pl\/azs_zakopane\/wp-json\/wp\/v2\/media?parent=9543"}],"curies":[{"name":"wp","href":"https:\/\/api.w.org\/{rel}","templated":true}]}}